) + (80 - (-1 + -1)).
72
What is the value of -3 + 0 + 8 + 4 + 6 - 6?
9
Evaluate 19 - 25 - ((32 - 54) + 7).
9
Calculate -3 + -75 + (83 - -59).
64
-10 - (46 + -12) - -36
-8
What is -3 + -43 - (0 + -14 + -328 + 350)?
-54
What is (5 - 5) + 2 - (2 + 46) - (-135 + 127)?
-38
What is the value of -60 + 48 + -47 + 6?
-53
Evaluate 22 + (87 + -130 - 46).
-67
Calculate -54 + (6 - -5 - 10) + (3 - -12 - 5).
-43
What is 129 + -1 - 1 - (5 - -88 - 76)?
110
What is (20 - (-18 - -38)) + -3 + 16?
13
What is -5 + 75 + -20 - 118?
-68
What is the value of -511 + 466 + (22 + -2 - 2)?
-27
What is (-28 - (60 + -54)) + 85?
51
What is (155 - 132) + 0 + -56 - -15?
-18
Evaluate (-12 + 1 - (-12 + 1)) + 11.
11
Evaluate (-22 - -25) + (1 - (30 - -4)).
-30
What is the value of (-67 - -51 - (15 + -42)) + (0 - 3 - 52)?
-44
What is -2 - (47 + -1 + -9 + 25)?
-64
What is (5 - (34 + -2 - 23)) + (34 + 3 - -2)?
35
Calculate (-47 - 1) + (672 - 638 - (5 - -45)).
-64
(-2 - -3 - (-8 + 8)) + -43 + 4 + 3
-35
Evaluate (-9 - (-80 + (0 - 3) + 3)) + -7 + 1.
65
What is 59 + -36 - (3 - 3 - (11 - -2))?
36
(-62 - -121 - -51) + -53
57
Evaluate -59 - (-70 - (-107 + 39)).
-57
What is the value of (-63 - (25 + -35)) + 87?
34
What is 7 + -31 + (49 + -64 - (-9 + 0))?
-30
What is -652 - -644 - (-1 + -16) - 27?
-18
4 - (-14 + 31 - 3 - -15)
-25
Calculate -41 + 37 + (2 - (-6 - 70)).
74
-4 + 7 - (-7 + (-18 + 15 - -21))
-8
What is 57 + -37 + 31 + -13 - (-16 + 1)?
53
What is (29 - (-8 + 1)) + -7 - (85 + -85)?
29
What is the value of -59 + (-4 - -13) + 3 + -19?
-66
Evaluate 12 + (7 + -12 - -6) - 10 - -12.
15
Calculate -36 - (59 + -18) - (22 + -18).
-81
(17 + 1 - (22 + -3 + 17 + -37)) + 0
19
Evaluate -8 - ((25 - (-61 + 30)) + 20).
-84
What is (-1 - -7) + (-10 - 71) + 14 + 24?
-37
Evaluate -13 - (48 + -38) - -20.
-3
Calculate 70 + (62 - 105) + -105.
-78
What is the value of 22 + 11 + -8 + (-10 - -7) + -13?
9
Evaluate (34 - 3 - (59 + -53)) + (-1 - (8 + 1)).
15
-84 + (-5 - (-11 - (-21 - -14)) - 0)
-85
(5 - -3) + -15 + (-27 - -27) - (-3 - 92)
88
-4 + (2 - -4) + 239 + -243
-2
Calculate 61 + -64 - (24 - (9 - 3)).
-21
Evaluate 47 - (68 - (28 - 24)).
-17
Evaluate -28 + (19 - 23 - -59) + -9.
18
(-36 - (91 - 116)) + (56 - -2)
47
(2 - 4) + (11 - (2 - -9))
-2
Calculate -11 - (11 - (10 + -4 - 5 - -14)).
-7
Calculate 884 + -902 + -1 + -8 + -2 - 14.
-43
What is (-64 - -138) + -95 - (0 - -76)?
-97
What is 47 - (-3 + (-2 - -5)) - (-2 - (20 - 19))?
50
1 + 3 - (4456 + -4415)
-37
Calculate 0 - -57 - (144 + 6 - 163).
70
Calculate (-73 - -10) + 8 + 7 - (20 + -7 - 6).
-55
Calculate (60 - 84) + 20 + -24 + 84.
56
What is 7 - (33 + 29 + (-19 - 57))?
21
(-46 - 24) + -37 + 22 + -4 - (5 + -4)
-90
Evaluate 67 - 19 - 96 - -14.
-34
What is the value of 186 + -77 + -121 - ((-4 - -4) + -79)?
67
What is the value of -25 - (-23 - (-28 + 2 + 8))?
-20
Evaluate -51 + (-30 - -67) + -11.
-25
What is -62 - (3 - ((245 - 259) + 0 + 7 + -2))?
-74
What is -236 + 271 + 1 + 3 + -21?
18
What is the value of -14 + (1 - 25) + (-28 - (-31 - -4))?
-39
What is -21 + -20 + (-22 - -56) - (-74 + (-10 - -6))?
71
-22 + 61 + -13 + 7 + 9
42
Calculate 25 - 33 - (-1 + 32).
-39
What is -13 - ((91 - 86) + (-48 - (1 - (2 - 1))))?
30
Evaluate -129 + (11 + (1 - 20) - -13 - (1 + -10)).
-115
124 + -135 + (-2 - -6) + 47
40
(8 - -17) + (4 - (-30 + -3))
62
73 + ((-1 - -23) + -20 - 7)
68
-75 - (-34 + (28 - (-39 - -17)))
-91
What is the value of 7457 + -7400 - (43 + -1)?
15
68 + -43 + -3 + (-5 - 64)
-47
What is 105 + -135 + 64 + -40?
-6
Evaluate 18 + -35 + 9 - (-59 - 15).
66
What is 3 + -63 + (0 - 16 - (-30 - (-60 + 54)))?
-52
What is the value of 0 + (-3 - -40) - (-35 - 11 - -43)?
40
What is the value of 2 + 54 - (-65 + (-55 - -141))?
35
What is (-69 - (-13 - 15)) + 27?
-14
-60 + (36 - 21) + 0 + (3 - (9 - 2))
-49
What is -55 - (-11 - (6 - 14)) - -19?
-33
What is (10 - (-22 - -8)) + -27 + 20?
17
Calculate -44 - (6 + 1) - (5 - (-11 + 27)).
-40
What is the value of 51 - ((48 - 52) + 57)?
-2
What is the value of (26 - (70 - -24)) + (1 - -9)?
-58
Calculate (39 - (-38 - -1)) + -134.
-58
What is 31 - (8 - (-29 + 18) - (-7 + 22))?
27
What is the value of -26 + 59 + -12 - 27 - (0 + 6)?
-12
What is the value of -158 - (-42 - (-13 - (24 - (9 - -11))))?
-133
Calculate -7 + (24 - 14) + -10 + 8 - (-11 + 1).
11
Calculate -117 + (12 + 12 - -37 - 36).
-92
20 - -12 - (6 + -6 + 1) - -6
37
Evaluate -5 - (-15 - (36 - 6)) - 15.
25
-20 + 2 + 59 + -5 + -33
3
(13 - -1 - 50) + 22 + -7 + -82
-103
What is 0 + -49 - ((-31 - (-20 - -3)) + 3)?
-38
What is 5 + -7 + (42 - 55)?
-15
What is the value of 2 + -6 - ((-37 - -23) + 46)?
-36
What is the value of 3 - 0 - 44 - (-821 - -819)?
-39
(-3 + -28 - (-33 - -24) - -10) + 1 + 6
-5
Evaluate -3 + 15 + (-16 - -8) - 85 - (-21 - -5).
-65
What is the value of -17 - (-37 + 20) - (-20 - -3 - -2)?
15
Calculate (-6 - 0) + (9 - 25) + 32 + (16 - 100).
-74
Evaluate 12 + -5 + (16 + (-50 - -14) - 50).
-63
Calculate 19 - 19 - -9 - -53 - (6 - -10).
46
(3 - -11 - 0) + (61 - (-43 - -116))
2
What is -40 - (-5 + 8 - -23 - 12)?
-54
What is the value of 31 + -83 + 21 + -1?
-32
Evaluate 1 - (3 - (0 + -2) - (126 + -43 + 0)).
79
Calculate 250 + -258 - (0 + 3).
-11
Calculate -4 - -13 - ((-1 - -50) + -52 + -1 + 54).
-41
Calculate 44 - (14 + -1 + (-68 - -64)) - 9.
26
Calculate -6 + -17 + -2 - (-30 - (19 - -66)).
90
What is the value of -11 + 12 + -8 - 31 - (13 - (-11 + 18))?
-44
Evaluate (25 + -8 - 24) + -9 + 58.
42
13 - (5 + (-8 + -10 - (28 + 65)))
119
Evaluate -21 + 40 + (-14 - -5) + 5 - 85.
-70
What is the value of 8 + 3 + -11 + 5 + -64 - (-1 + 0)?
-58
-94 - (-66 - (79 - 40))
11
Calculate 2 + (-15 - (-7 + 9)).
-15
What is the value of (49 - (-39 + 40)) + -30?
18
What is -1856 - -1937 - (128 + 2)?
-49
What is the value of 1 + -4 + 17 + 12 + -11?
15
What is (-1 - 1 - 117) + 137 + (-11 - 55) + -64?
-112
What is 16 + (3 - 40) + (32 - 3) + (-49 - -1)?
-40
What is (-3 - 4) + 1 + (19 - (-65 + 22)) + 4?
60
Calculate -155 + 203 + -133 + 120.
35
What is the value of 49 - (24 + -77 + 57 - (1 - 9 - 0))?
37
What is the value of -186 - -146 - (7 - 77 - 18)?
48
52 - 2 - 73 - (-1 + 6)
-28
What is the value of 123 + -102 + 44 + -26?
39
Calculate 36 + 2 + -2795 + 2815.
58
Calculate -15 + -8 + 11 + 3 + 26 - 11 - -108.
114
17 + -2 - 2 - ((-57 - (4 + -21)) + -14)
67
What is -63 - (-14 - (-3 + (-7 - -24 - 8) - 17))?
-60
What is the value of (10934 - 11025) + (2 + 0 - -10)?
-79
Evaluate 79 + (-36 - (-63 - -38 - -20)).
48
(-171 - (-20 + -104)) + (23 - 1)
-25
Evaluate -73 + (51 + 18 - -73).
69
Evaluate (6 - 2) + -14 + (-73 + 53 - -102).
72
What is the value of -15 - 36 - (-373 - -213)?
109
What is 7 + -36 + 33 - (-1 - (-9 + 0)) - 50?
-54
Calculate -25 + (-7 - (4 + (-8 - -8) + -14 + 1)).
-23
Calculate (0 - -30 - (-1135 - -1112)) + -10.
43
What is -4 + (31 + -31 - -2) + 12?
10
3 - -50 - (25 + -3 + 9 + (0 - 16))
38
Evaluate (0 + 12 - 21) + -3 - -14.
2
Calculate -14 + (0 + 13 - ((0 - -45) + -28)).
-18
Evaluate 30 - (-8 - (17 + -25 + 1 + -3)).
28
What is 10 - 23 - 77 - -38?
-52
7 + (-8 - 6 - -9 - 3)
-1
Evaluate (90 - 1) + (-30 - -2) + (612 - 587).
86
169 + 78 + -73 + -85
89
-120 + (-164 - -72 - -122)
-90
What is (-92 - (21 - 16)) + 46?
-51
Calculate -17 + (-10 - -16) + 16 + (-31 - 2 - 5).
-33
What is 12 - (26 + (-33 - 5)) - 69?
-45
Evaluate (249 - 185 - 65) + (-1 - 61).
-63
Calculate -11 + (5 + 33 - 12) + -23 - (10 - -1).
-19
What is the value of (-48 - -110 - 42) + 64 - -7?
91
-52 + (-1 - -7 - -2 - -1) + 5 + -6
-44
(0 - (-1 + 0)) + -2 + -123 + -303 + 469
42
What is the value of -10 - -323 - 347 - (-1 - (-5 + 2 + 2))?
-34
Evaluate -82 - (2 - 1) - (-1214 - -1207).
-76
What is the value of 191 + (-30 - 141) + (0 + 18 - -3)?
41
Evaluate (-154 - (-136 - -60)) + 78.
0
What is the value of -1 + 4 + -10 + -3 + (-20652 - -20724)?
62
(-23 + 36 - -90) + (9 + -16 - 8)
88
What is the value of -28 + (83 - (22 + -25)) + (1 - 1 - -5)?
63
What is 40 - (7 + 20) - (9 + 15 - 11)?
0
Evaluate -10 - -25 - (10 + 15 + -17 + -39).
46
-9 + 2 + (11 - 9) + 2 + 34
31
What is the value of 39 - 19 - -35 - 78?
-23
What is the value of (3 - (-5 + (-70 - 6))) + (46 - 64)?
66
Calculate (-35 + -69 - -65) + (2 - 2) + -6.
-45
Calculate -19 + (-30 - -10) - -9 - -11.
-19
Calculate -28 + (-50 + 0 - (1762 - 1753)).
-87
Calculate -18 + 14 + -5 - (-20 - -160) - (-4